26 + 220. Let k be u(g). Give f(k).
9
Let a(d) = d + 1. Let y(i) = -3*i + 11. Let g(t) = 5*a(t) + y(t). Let l be (0/2)/(-61 - -63). What is g(l)?
16
Let l = -4164 + 4161. Let t(b) = b**3 + 4*b**2 + 16*b + 28. What is t(l)?
-11
Let y(w) = 3*w**2 - 92*w + 392. Let r(f) = -f**2 + 18*f. Let p(i) = 4*r(i) + y(i). Calculate p(12).
8
Let t = -42 + 25. Let k(x) = 5631*x - 18. Let m(h) = -4223*h + 18. Let y(a) = -3*k(a) - 4*m(a). Determine y(t).
-1
Let a(f) = -16 - 9 + 28*f - f**2 + 37 - 19*f. Let l = 3 + 7. Determine a(l).
2
Let f(r) be the third derivative of 7/6*r**3 + 0 + 3/20*r**5 - 1/120*r**6 - 2*r**2 + 0*r - 3/8*r**4. Let v(g) = 6*g**2 + 47*g. Let b be v(-8). Calculate f(b).
-1
Let g(n) = -3*n - 41. Suppose -967 = -60*s - 61*s - 2782. Determine g(s).
4
Suppose -4*j + 8 = 4*y - 8*j, -3*y + 5*j = 2. Let d(p) = -11*p - 13. Let h(w) = 9*w + 13. Let a(s) = y*h(s) + 5*d(s). Give a(9).
4
Let z(y) be the second derivative of -y**4/12 + y**3/2 - 17*y**2 - 47*y + 28. Determine z(12).
-142
Let w(y) = -3*y - 2. Let k(s) = -s - 2. Let d be (-1)/((-40)/140*7/(-4)). Let i(m) = d*w(m) + 5*k(m). What is i(0)?
-6
Let y(n) = -n**3 - 7*n**2 - 3*n - 3. Let v(a) = -33*a - 1752. Let l be v(-53). What is y(l)?
-30
Suppose -10*u - 2*u = -60. Let y(a) = 1 - a**3 - u*a**2 + 2 - 42*a + 49*a - 1. What is y(-5)?
-33
Let k(b) be the second derivative of b**4/12 + 5*b**3/3 - 27*b**2/2 - 367*b - 1. Calculate k(-14).
29
Let a(n) be the third derivative of n**7/2520 - n**6/90 + n**5/24 + 35*n**4/24 - 101*n**2 + 1. Let h(s) be the second derivative of a(s). Calculate h(8).
5
Let n(j) = -4*j - 17. Let m(w) = -3*w - 11. Let a(l) = 7*m(l) - 5*n(l). Suppose -4543 = 866*q + 653. Give a(q).
14
Let z(t) be the first derivative of -t**2 + 2*t - 855. Let x(y) = -y**2 + 6*y + 8. Let n be x(6). Determine z(n).
-14
Let d(q) = -q - 1. Let v(f) = -6*f + 1. Suppose b = 2*c + 9, c + 15 = -0*c + 4*b. Let g be (6 + (-32)/6)*c*1. Let l(k) = g*d(k) + v(k). Give l(4).
-13
Let c(u) = -951*u**2 + u**3 + 928*u**2 + 4805 - 4833. Calculate c(23).
-28
Let r(w) = 4*w**3 + 19*w**2 + 38*w - 71. Let f(g) = -g**3 - 6*g**2 - 13*g + 22. Let m(t) = -7*f(t) - 2*r(t). Calculate m(6).
6
Let f be (-3)/6 - 158/(-4). Suppose -f*s = -42*s + 18. Let u(b) = 101*b**2 - b**3 - 93*b**2 - b - 1 - s*b. Calculate u(7).
-1
Let r = -2396 - -2402. Let h(m) = m - 3. Calculate h(r).
3
Let x = -203 + 210. Let g(w) = -16*w + x*w + 10*w + 0*w - 3. Give g(3).
0
Let l = -3467 + 3467. Let o(h) = h**2 - 6*h - 36. Determine o(l).
-36
Let w(i) = i**3 - 6*i**2 - 36*i + 15. Let p = -3245 - -3255. Give w(p).
55
Let j(r) = 4*r**2 - 4*r - 1. Let a(h) be the third derivative of -h**6/120 + 11*h**4/12 + h**3/3 + 62*h**2. Let z be a(0). Calculate j(z).
7
Let r(b) = 10*b - 25. Let v be r(3). Let t(z) = -3*z + 2*z - 1 + 0*z + 7 + 6. What is t(v)?
7
Let y(h) = 2*h**2 + 5*h + 5. Let q(g) = 3*g + 13. Let s be q(7). Let j = -34 + s. Suppose 2*z + 0*z = j, 8 = -2*p - 3*z. What is y(p)?
17
Suppose -12 = -5*x + 4*t, 2*x + t = -3*x + 22. Let m be (-59 + 51)*(-15)/4. Let d(b) = 10 - m*b - b**3 + 28*b - 9 + 5*b**2. What is d(x)?
9
Let n(a) = -2*a - 9. Suppose -5*c + 114 = 4*b, -b = -4*c + 9*c - 36. Let x(p) = -6*p - 3. Let y be x(5). Let m = b + y. Calculate n(m).
5
Let b(d) be the first derivative of d**5/20 - d**4/12 + d**3/6 + 33*d**2/2 - 104*d + 60. Let t(x) be the first derivative of b(x). Give t(0).
33
Suppose 0 = 5*c + 4*w - 2 - 4, 0 = 3*c + 5*w - 1. Let m(n) = -532*n**2 + 2 - 2*n - 1 + c*n**3 - 3*n**3 + 535*n**2. Give m(3).
-5
Let l(r) = 7*r**2 - 4*r + 6. Let h(z) = 20*z**2 - 11*z + 11. Let a(c) = -2*h(c) + 5*l(c). What is a(3)?
-31
Suppose -154*a - 116*a + 120 = 103*a - 253*a. Let s = 15 - 11. Let n(b) = -4 + s - 19*b. Calculate n(a).
-19
Let i(v) = 105*v**3 + v**2 + 13*v - 13. Let q(r) = 4*r**3 - 3*r + 3. Let k(a) = i(a) + 4*q(a). Calculate k(1).
122
Let o(v) = v**2 - 21 - 925*v - 925*v - 929*v + 2775*v. Give o(-4).
11
Suppose 2*z = -2*i + 56, -5*i + 164 = -3*z + 2*z. Suppose 13 + i = 3*o. Let s(j) = 6 + 38*j - o*j - 7*j - 15*j. What is s(-5)?
1
Let b(g) = -2*g**2 + 228*g - 276. Let u(q) = -q**2 + 108*q - 137. Let n(d) = 6*b(d) - 13*u(d). Determine n(32).
-3
Let n(z) = -8217 - 41*z - 2*z**3 - 22*z**2 - 3*z + 8244. Give n(-8).
-5
Let a(i) = 4*i**3 - 5*i**2 - 5*i + 70. Let f(c) = c**3 - 2*c + 15. Let m(q) = a(q) - 5*f(q). Suppose -5*r = -0*r + 30. Calculate m(r).
1
Let j(k) be the third derivative of k**6/120 - k**4/3 - 2*k**3 + k**2 + 205*k. What is j(-2)?
-4
Let u = 13 + -5. Let h(r) = 124*r**2 + 11*r - 10. Let b(c) = -25*c**2 + 1. Let k(v) = 5*b(v) + h(v). Calculate k(u).
19
Let r be (-1 - 2)*4*(-1)/2. Suppose -94 = -r*z - 76. Let c(p) = 0*p - 6*p**2 + 4*p + p**2 + p**3. Calculate c(z).
-6
Let i(x) = x**2 + 12*x + 4. Let g(y) = 7*y + 120. Let h be g(-17). Let q be h/6 - 441/54. What is i(q)?
-28
Let k(a) = -a**2 - 2*a + 4. Let x be 1*(-27 - (-20)/4). Let i(s) = -s**2 - 20*s + 39. Let v be i(x). Determine k(v).
-11
Let s be (374/(-33))/((-4)/(-6)). Let u(o) = -20*o**2 + 11*o + 14. Let f(b) = -7*b**2 + 4*b + 5. Let x(h) = s*f(h) + 6*u(h). Calculate x(-2).
-1
Let t(g) = 11 - 3*g + 2*g + 2*g + 0*g. Let s be t(-15). Let q(d) = -d**2 - 6*d + 1. Calculate q(s).
9
Let d(g) be the second derivative of g**4/6 - g**3/3 + g**2 + 44*g + 2. Determine d(3).
14
Let h(l) be the first derivative of -4*l**2 - 6*l + 4830. Calculate h(-5).
34
Let k(f) be the first derivative of 7*f**2/2 - 51*f - 6838. Give k(12).
33
Let c(h) = -4*h**3 - 5*h**2 - 3*h - 10. Suppose 12*a + 52 - 4 = 0. Let j(m) = 5*m**3 + 5*m**2 + 3*m + 10. Let y(b) = a*c(b) - 3*j(b). Calculate y(-5).
-5
Let v(y) = y**3 - 10*y**2 + 7*y + 9. Let f(j) = j**3 + 18*j**2 - 5*j - 81. Let l = 145 - 163. Let n be f(l). Give v(n).
-9
Let j(p) = -2*p + 9. Let m = -81 + 96. Let s be 3*(0 - (-25)/m). Suppose 3*h + 4*d = -s + 3, 2*h + 5*d = -13. Give j(h).
-3
Suppose -5*i + 5*u + 15 = 0, 4*u + 10 = -10. Let l(h) = 12*h + 24. Determine l(i).
0
Let c(t) be the first derivative of 4 - 1/6*t**3 + 1/2*t**2 + 1/12*t**4 - 15*t. Let s(y) be the first derivative of c(y). Calculate s(1).
1
Let v(z) be the third derivative of -z**4/4 + 4*z**3/3 + 12*z**2 - 6. Calculate v(-13).
86
Suppose -82 = -3*o + 116. Let m be (-10)/55 + 474/o. Let k(s) = -2*s + 0*s + m*s + 0*s + 1. Determine k(1).
6
Let i(b) = 2*b + 37. Suppose -2*p = 2*q + 3*p + 10, p = q + 12. Let s(a) = -a**3 - 8*a**2 + 22*a + 20. Let r be s(q). Give i(r).
37
Let s(m) = m**2 - 3*m - 2. Let g = -35 - -41. Let f be 5/(-15) - (-74)/g. Let i be 3 - ((-3)/f*0)/(-1). What is s(i)?
-2
Let x = -24 + 23. Let j(q) = 18*q**2 + 21*q + 59*q - 81*q. Give j(x).
19
Let m(u) be the second derivative of 15 - 7*u - u**2 - 1/12*u**4 - 1/6*u**3. What is m(3)?
-14
Suppose m - 172*i - 7 = -167*i, m + 14 = -2*i. Let y(z) = 9*z**2 - 6*z + 8*z + 11 + z**3 + 8*z. Give y(m).
-5
Suppose 2*a = -3*a + 700. Suppose 20*c + a = 6*c. Let z(y) = -y**3 - 9*y**2 + 11*y + 14. Give z(c).
4
Let s(n) = n**3 - 140 + 30*n - 11*n**2 - 7*n + 139 - 9*n. Calculate s(6).
-97
Suppose -c + 21 = 6*c. Let t(o) = 0*o**2 + c*o**2 + 2 - 2*o**2 + 0*o**2. Give t(2).
6
Let a(n) be the first derivative of n**6/120 + n**5/60 - 2*n**3/3 - 4*n**2 + 8*n - 211. Let s(r) be the second derivative of a(r). Determine s(0).
-4
Suppose -14*j = -11*j - 18. Let s be 1*j*(-6)/36*-2. Suppose s*w = 4*w. Let u(b) = b - 15. Determine u(w).
-15
Suppose -2*v - 1 - 6 = -3. Let y(a) = a**2 - 8*a + 5. Let n(d) = 3*d**2 - 17*d + 11. Let k(c) = 6*n(c) - 13*y(c). Determine k(v).
17
Let r(l) be the first derivative of l**2 + l - 81. Let v(w) = -8*w - 16. Let f(n) = -5*r(n) - v(n). Suppose 2*b = -0*b + 16. Give f(b).
-5
Let q(z) = z**2 - 2. Suppose -28*i = -11*i - 68. Let r be (i/(-7))/(48/(-21) + 2). What is q(r)?
2
Let q = 14429 - 14411. Let s(j) = j**3 - 17*j**2 - 18*j + 16. Calculate s(q).
16
Let v(c) be the third derivative of -1/60*c**5 - 44*c**2 - 2 - 1/30*c**6 + 0*c - 1/12*c**4 - 1/6*c**3. Give v(-1).
4
Let g(k) = -k**3 + 24*k**2 + 26*k - 24. Let x be (-96)/(120/(-20)) - 18/(-2). Determine g(x).
1
Let n(m) be the second derivative of m**5/20 + m**4/12 - 2*m**3/3 - m**2 + 19*m. Suppose 6*v - 16 = -4. Suppose 6 = -v*j - 0. Calculate n(j).
-8
Let u(r) = 36 + 499*r**2 + 4*r + 476*r**2 + 479*r**2 - 1455*r**2. What is u(-5)?
-9
Let d(j) be the third deriv